ided by h(13)?
11
Suppose -5*y - 25 = 0, -20*i + 92 = -17*i - y. Calculate the remainder when i is divided by 10.
9
Let x(i) = 4*i**2 - 41*i + 29. Let p(y) = -y**2 + 10*y - 7. Let t(r) = 9*p(r) + 2*x(r). Calculate the remainder when 31 is divided by t(4).
9
Suppose 4*h + 5*d + 17 = 367, 0 = 5*h - 4*d - 458. Calculate the remainder when 348 is divided by h.
78
Suppose -4*o = -4*w + 1152, -2*w + 5*o + 543 = -39. What is the remainder when w is divided by 12?
10
Suppose 4*r - 3*i - 321 = 2*i, -5*r + i + 375 = 0. Suppose -3*b = -4*b + 25. What is the remainder when r is divided by b?
24
What is the remainder when 19 is divided by (-546)/(-105)*(-5)/(-2)?
6
Suppose -2*l = 3*l - 80. Suppose -3*r + 834 = -3*f, -2*r + f = 241 - 795. Suppose -4*p + r = 2*p. Calculate the remainder when p is divided by l.
14
Suppose 18*j - 34*j + 48 = 0. Calculate the remainder when 20 is divided by j.
2
Let a(g) = g**2 + 5*g + 5. Let r = -28 + 33. Suppose r*i + 4*f = -3, 0 = i - f + 2 - 5. Calculate the remainder when a(-4) is divided by i.
0
Suppose 419 = 31*q - 356. Calculate the remainder when 48 is divided by q.
23
Let p be -1*(-1 + -3 + -75). Let m = p + -49. What is the remainder when 59 is divided by m?
29
Let i(m) = -m**3 + m + 7. What is the remainder when 116 is divided by i(-3)?
23
Suppose 4*t - 27 = -2*k + 133, 3*t + 452 = 5*k. Calculate the remainder when k is divided by (-2)/12*-179 + 2/12.
28
Suppose 3*q + 5 = 2*i + 2*i, 5 = i + 3*q. Suppose -l - 2*x = -4*x, -l - i*x = 0. Calculate the remainder when 11 is divided by -3*(0 - (2 - l)).
5
Let o(g) = 10*g + 82. Suppose 3*n - 6 + 0 = 0. What is the remainder when n/(-3) + 274/6 is divided by o(-7)?
9
Let x = 2565 - 2212. Calculate the remainder when x is divided by 45.
38
Let d(n) = -n**2 - 21*n + 1. Let s = 19 + -9. What is the remainder when d(-19) is divided by s?
9
What is the remainder when 199 is divided by 39/((15 - 15) + (-6)/(-2))?
4
Let l(g) = 2*g - 2. Suppose a = 2*a - 1, 27 = 5*u + 2*a. Suppose -14*m - 115 = -409. Calculate the remainder when m is divided by l(u).
5
Suppose -b - 2*m + 1 = 4, 0 = -b - 5*m - 15. What is the remainder when 119 is divided by b?
4
Let p(f) = -4*f - 13. Let r be 12/(-9) + 44/(-12). Suppose -2*v + 27 = 5. Calculate the remainder when v is divided by p(r).
4
Calculate the remainder when (-3540)/(-14) - (-8)/(-112)*-2 is divided by 85.
83
Let f = 6 - 5. Suppose 5*i = c - 30, -i - 16 = -2*c - f. Calculate the remainder when (2/c)/((-3)/(-480)) is divided by 22.
20
Suppose -39*g + 342 = -21*g. Calculate the remainder when 51 is divided by g.
13
Suppose 97 + 55 = -4*v. Let o = 46 + v. What is the remainder when o is divided by 3?
2
What is the remainder when 74 is divided by ((-84)/(-30) - 2) + 91/5?
17
Let h = 55 + 3. Calculate the remainder when 519 is divided by h.
55
Suppose 3*h - 4*m = 42, -m - 87 = -4*h - 6*m. Suppose 0*w + 4*w = 124. Calculate the remainder when w is divided by h.
13
Suppose -2*y + 1 - 4 = 5*w, w + 60 = 5*y. Let t(p) = -13*p + 2. Let g be t(2). Let b = 44 + g. Calculate the remainder when b is divided by y.
9
Let c(o) = -4*o - 1. Calculate the remainder when 1460/(-8)*6/(-15) is divided by c(-4).
13
Suppose 42 = 17*r - 11*r. Calculate the remainder when 46 is divided by r.
4
What is the remainder when 5 is divided by (4 - -1) + (17 - 7) + -11?
1
Suppose 332*q = 342*q - 4350. What is the remainder when q is divided by 111?
102
Let t(f) be the first derivative of f**4/4 + 5*f**3/3 - 9*f**2 - 6*f + 2. What is the remainder when 107 is divided by t(-7)?
19
Suppose -26*g + 289 = -9*g. What is the remainder when 118 is divided by g?
16
Suppose -4*o = -4*x + 48, -2*x + 3*o + 28 = -0*x. Let p = 1987 - 1918. Calculate the remainder when p is divided by x.
5
Let i(c) be the second derivative of -2*c**3/3 - 9*c**2/2 + c. Suppose 6*v = 3*v + 129. Calculate the remainder when v is divided by i(-6).
13
Let d(t) = -4*t**2 - 1. Let b be d(-1). What is the remainder when 3/b - 1452/(-20) is divided by 15?
12
Let l = -972 - -984. Let g be (1 - -5)/(6/4). Suppose -y = -2*j + 147, -g*j + y + 289 = -0*j. What is the remainder when j is divided by l?
11
Let b = 510 - 424. Let v = 66 + -37. What is the remainder when b is divided by v?
28
Let i = -1932 - -2025. Calculate the remainder when 134 is divided by i.
41
Let v = -50 - -70. Let t(u) = u - 17. What is the remainder when 20 is divided by t(v)?
2
Suppose 20 = 5*c, -3*q - 38 = 5*c - 169. Calculate the remainder when 107 is divided by q.
33
Suppose 0*n - n - 4*y - 35 = 0, 2*y - 23 = n. Let q = n + 89. Calculate the remainder when q is divided by 7.
6
Let i(t) = -5*t - 16*t**3 - 1 - t**2 + 2*t**2 + 5*t. Suppose 3*r = -2*a - 17 + 145, 2*a = r + 120. Calculate the remainder when a is divided by i(-1).
13
Let b be 420/110 + (-2)/(-11). Suppose -b*f - 54 = 4*o - 126, 3*f + 54 = 3*o. Calculate the remainder when 35 is divided by o.
17
Suppose -69*d + 54*d = -645. What is the remainder when 115 is divided by d?
29
What is the remainder when 11/22 - (-1 - 1365/10) is divided by 34?
2
Suppose -4*w - 41*y = -38*y - 19, -2*w - 2*y + 10 = 0. What is the remainder when (1 - 0)/(5/220) is divided by w?
0
Suppose -8*u - 167 = -1567. What is the remainder when u is divided by 16?
15
Let i(f) = f**2 - 16*f - 29. Let h = -15 + 20. What is the remainder when i(18) is divided by h?
2
Let u(d) = d**2 + d - 8. Let c be u(-4). Let k(n) = c + 4*n - 1 + 1. What is the remainder when 35 is divided by k(2)?
11
Let v be (-1)/(-2 + 3) + 3. Suppose 0*f = -v*f + 272. Calculate the remainder when f is divided by 46.
44
Let x(c) = -c**3 - 2*c**2 + 20*c + 5. Calculate the remainder when 634 is divided by x(-6).
25
Suppose -4 = 2*o + 4*p, 15 = 2*p + p. Let a be (-76)/(-14) + o/28. What is the remainder when 21 is divided by 2/5 - (-58)/a?
9
Suppose 162 = 2*b + 62. Suppose 3*g = 8*g - b. Let f(l) = l**3 - 11*l**2 + 19*l + 9. Calculate the remainder when f(9) is divided by g.
8
Suppose -3*j = -6*j + 12. Let g be (-8)/(-12) + 12/9. Suppose -5 = o - g*o. Calculate the remainder when o is divided by j.
1
Suppose 0*h - 2*h = -4. Let s(t) = -h*t + 4 - 2*t + 0. Calculate the remainder when s(-6) is divided by 10.
8
Suppose 3*o + 3*l = 87, 3*o - 125 = 5*l - 30. Suppose 0 = -j + 6*j + o. Calculate the remainder when (19/3)/(j/(-18)) is divided by 10.
9
Let u = -41 - -86. Let g = u + -13. Calculate the remainder when g is divided by 12.
8
Suppose 2*u = -2*u + 104. Let x = -254 - -72. What is the remainder when (22/4)/((-13)/x) is divided by u?
25
Let m = -18 - -53. Suppose 12*r = 124 + 20. Calculate the remainder when m is divided by r.
11
Suppose 5*f = 4*n + 439 + 599, -4*f + 831 = -3*n. Calculate the remainder when f is divided by 27.
21
What is the remainder when (-48)/(680/64 + -11) is divided by 9?
2
Suppose -3024 = -13*r - 8*r. What is the remainder when r is divided by 29?
28
Let p(w) = -13*w - 382. What is the remainder when p(-30) is divided by 6?
2
Suppose 3*v - 2*d + 5*d = 204, -5*v - 4*d = -336. Calculate the remainder when v is divided by 15.
4
Suppose -6*p - 56 = -8. Let c = p + 4. Calculate the remainder when (-1)/c - 693/(-28) is divided by 7.
4
Suppose -72 = 6*o - 12*o. Let q(h) = -9*h**3 - 2. Let k be q(-2). Let w = k + -49. What is the remainder when w is divided by o?
9
Let a(w) = 242*w**2 + 69*w + 68. Calculate the remainder when a(-1) is divided by 84.
73
Let v(o) = 3*o + 12. Let f be v(-5). Let y be 1*(2 + f) - -260. Calculate the remainder when 35 is divided by y/21 + 2/(-6).
11
Suppose 0 = -7*w + 78 + 83. Calculate the remainder when ((-35)/(-14))/(2/72) is divided by w.
21
Suppose 0 = -3*k - 0*k + 12. Let c = 2 - -3. Suppose -2*u = 2*d - 22, 4*d + c = -u + 46. Calculate the remainder when d is divided by k.
2
Suppose 8 = 6*p - 4*p. Suppose -3*x + 38 + p = 0. Calculate the remainder when 96 is divided by x.
12
Let q = 60 - 7. Suppose -w + 28 = -4*t, 0*w + 3*t = 5*w - 140. Calculate the remainder when q is divided by w.
25
Let h(z) = 36*z - 4. Let c be h(7). Suppose -5*j + c = -j. Let t = j - 36. What is the remainder when 51 is divided by t?
25
Suppose -3*l - 3 + 6 = 2*r, 5*r + 2*l + 9 = 0. Let t(g) = -10*g + 3. What is the remainder when t(r) is divided by 9?
6
Let z = 178 + -80. Let x = z - 51. Calculate the remainder when x is divide